ousands digit of 19777937?
7
What is the ten thousands digit of 7722114?
2
What is the hundreds digit of 960153?
1
What is the thousands digit of 262966?
2
What is the ten thousands digit of 5104557?
0
What is the millions digit of 4243211?
4
What is the hundreds digit of 9589244?
2
What is the millions digit of 6149654?
6
What is the ten thousands digit of 2329349?
2
What is the units digit of 3737820?
0
What is the hundred thousands digit of 3252035?
2
What is the millions digit of 6495924?
6
What is the hundreds digit of 208296?
2
What is the thousands digit of 1869929?
9
What is the thousands digit of 2043?
2
What is the hundred thousands digit of 2218626?
2
What is the tens digit of 88967?
6
What is the ten thousands digit of 91439?
9
What is the ten thousands digit of 10200783?
0
What is the tens digit of 30907?
0
What is the hundred thousands digit of 229279?
2
What is the units digit of 682521?
1
What is the hundreds digit of 918367?
3
What is the ten thousands digit of 9536073?
3
What is the hundred thousands digit of 1614449?
6
What is the ten thousands digit of 5142872?
4
What is the ten thousands digit of 8196453?
9
What is the thousands digit of 275246?
5
What is the thousands digit of 536541?
6
What is the hundreds digit of 143174?
1
What is the thousands digit of 10746?
0
What is the units digit of 475928?
8
What is the units digit of 5434554?
4
What is the hundreds digit of 28706570?
5
What is the ten thousands digit of 4047211?
4
What is the hundreds digit of 1587527?
5
What is the units digit of 5936057?
7
What is the hundred thousands digit of 21913476?
9
What is the units digit of 349370?
0
What is the hundred thousands digit of 905429?
9
What is the ten thousands digit of 43646?
4
What is the ten thousands digit of 408903?
0
What is the millions digit of 14485832?
4
What is the thousands digit of 36552363?
2
What is the hundreds digit of 3995658?
6
What is the hundred thousands digit of 1018114?
0
What is the tens digit of 25993?
9
What is the units digit of 13657?
7
What is the ten thousands digit of 54372?
5
What is the thousands digit of 67671?
7
What is the thousands digit of 138749?
8
What is the thousands digit of 15261284?
1
What is the millions digit of 5210857?
5
What is the thousands digit of 17429411?
9
What is the ten thousands digit of 65052?
6
What is the hundred thousands digit of 3371794?
3
What is the hundreds digit of 350678?
6
What is the thousands digit of 29603504?
3
What is the thousands digit of 222330?
2
What is the units digit of 930945?
5
What is the thousands digit of 99215?
9
What is the hundreds digit of 8510434?
4
What is the thousands digit of 1123914?
3
What is the hundred thousands digit of 5951500?
9
What is the tens digit of 1134140?
4
What is the hundreds digit of 243717?
7
What is the ten thousands digit of 1660875?
6
What is the tens digit of 7138793?
9
What is the thousands digit of 1207223?
7
What is the tens digit of 93944?
4
What is the tens digit of 676008?
0
What is the ten thousands digit of 921923?
2
What is the thousands digit of 21034070?
4
What is the tens digit of 1319384?
8
What is the tens digit of 628254?
5
What is the ten thousands digit of 676777?
7
What is the hundred thousands digit of 5678856?
6
What is the hundreds digit of 2518660?
6
What is the tens digit of 384326?
2
What is the ten thousands digit of 907687?
0
What is the hundreds digit of 800838?
8
What is the tens digit of 3037397?
9
What is the ten thousands digit of 546746?
4
What is the hundred thousands digit of 37546163?
5
What is the hundred thousands digit of 14940425?
9
What is the hundred thousands digit of 286387?
2
What is the tens digit of 24243671?
7
What is the hundreds digit of 2699275?
2
What is the ten thousands digit of 257689?
5
What is the units digit of 412633?
3
What is the thousands digit of 382386?
2
What is the units digit of 639413?
3
What is the ten thousands digit of 3095575?
9
What is the hundreds digit of 8720289?
2
What is the hundred thousands digit of 4445048?
4
What is the ten thousands digit of 3898326?
9
What is the units digit of 157038?
8
What is the thousands digit of 381288?
1
What is the thousands digit of 2881251?
1
What is the units digit of 13289033?
3
What is the units digit of 1958723?
3
What is the hundreds digit of 7079336?
3
What is the units digit of 1228056?
6
What is the hundreds digit of 4248170?
1
What is the hundred thousands digit of 319870?
3
What is the ten thousands digit of 197426?
9
What is the ten thousands digit of 1223340?
2
What is the thousands digit of 6652625?
2
What is the units digit of 251300?
0
What is the hundreds digit of 27845434?
4
What is the thousands digit of 260021?
0
What is the tens digit of 113459?
5
What is the thousands digit of 1318805?
8
What is the tens digit of 2269837?
3
What is the hundred thousands digit of 673611?
6
What is the thousands digit of 1069186?
9
What is the ten thousands digit of 100334?
0
What is the thousands digit of 325382?
5
What is the units digit of 466060?
0
What is the units digit of 1325569?
9
What is the hundreds digit of 5853332?
3
What is the hundred thousands digit of 1797983?
7
What is the units digit of 535360?
0
What is the ten thousands digit of 220941?
2
What is the units digit of 2274449?
9
What is the ten thousands digit of 591492?
9
What is the hundreds digit of 2879940?
9
What is the hundred thousands digit of 24409962?
4
What is the thousands digit of 161790?
1
What is the tens digit of 20580514?
1
What is the millions digit of 1933743?
1
What is the ten thousands digit of 406991?
0
What is the tens digit of 20822790?
9
What is the units digit of 9574411?
1
What is the hundreds digit of 3944401?
4
What is the tens digit of 178973?
7
What is the tens digit of 5873347?
4
What is the hundreds digit of 109236?
2
What is the units digit of 823881?
1
What is the hundreds digit of 1560261?
2
What is the tens digit of 1364777?
7
What is the millions digit of 3990592?
3
What is the tens digit of 915016?
1
What is the hundreds digit of 5339944?
9
What is the millions digit of 1743062?
1
What is the millions digit of 20777778?
0
What is the millions digit of 3321736?
3
What is the ten thousands digit of 109794?
0
What is the thousands digit of 174755?
4
What is the units digit of 5649987?
7
What is the units digit of 166811?
1
What is the hundreds digit of 1114999?
9
What is the hundreds digit of 846975?
9
What is the hundred thousands digit of 14772750?
7
What is the hundred thousands digit of 270923?
2
What is the hundreds digit of 240475?
4
What is the units digit of 24970?
0
What is the hundreds digit of 16242212?
2
What is the ten thousands digit of 1173142?
7
What is the ten thousands digit of 28491?
2
What is the units digit of 1675463?
3
What is the millions digit of 13289636?
3
What is the ten thousands digit of 6743823?
4
What is the ten thousands digit of 205316?
0
What is the thousands digit of 1285970?
5
What is the millions digit of 4324316?
4
What is the tens digit of 400729?
2
What is the ten thousands digit of 3788243?
8
What is the hundreds digit of 34638556?
5
What is the thousands digit of 344938?
4
What is the ten thousands digit of 1750785?
5
What is the hundred thousands digit of 578592?
5
What is the hundreds digit of 3738864?
8
What is the units digit of 5351611?
1
What is the tens digit of 1463527?
2
What is the ten thousands digit of 234012?
3
What is the tens digit of 109657?
5
What is the tens digit of 295064?
6
What is the units digit of 6587904?
4
What is the millions digit of 20962896?
0
What is the millions digit of 1025834?
1
What is the tens digit of 1087651?
5
What is the hundred thousands digit of 143735?
1
What is the thousands digit of 1949603?
9
What is the ten thousands digit of 751525?
5
What is the hundred thousands digit of 279157?
2
What is the hundreds digit of 30474?
4
What is the tens digit of 1622844?
4
What is the hundreds digit of 14460?
4
What is the thousands digit of 214359?
4
What is the units digit of 586103?
3
What is the millions digit of 15693479?
5
What is the thousands digit of 158624?
8
What is the millions digit of 1255991?
1
What is the units digit of 4504233?
3
What is the ten thousands digit of 4136561?
3
What is the tens d